{"id":313,"date":"2024-02-10T10:57:29","date_gmt":"2024-02-10T09:57:29","guid":{"rendered":"https:\/\/margaritayeusebio.com\/tienda\/?post_type=product&#038;p=313"},"modified":"2024-02-10T10:57:30","modified_gmt":"2024-02-10T09:57:30","slug":"crema-hn-caviar-superlative","status":"publish","type":"product","link":"https:\/\/margaritayeusebio.com\/tienda\/producto\/crema-hn-caviar-superlative\/","title":{"rendered":"CREMA H&#038;N CAVIAR SUPERLATIVE"},"content":{"rendered":"<p>Tratamiento Rellenador de Arrugas.<\/p>\n<p>Avanzada crema anti edad<b>\u00a0formulada con: Amino-Glyco Caviar, \u00c1cido Hialur\u00f3nico, Col\u00e1geno, Gluc\u00f3geno, Coenzima Q10, Rosa Mosqueta, Aceite de Jojoba, 40% de jugo de Aloe Vera, Vitaminas A, D y E.<\/b><\/p>\n<p>Nutre en profundidad, rellena arrugas profundas, reafirma y tensa consiguiendo una piel radiante. Te sorprender\u00e1 el resultado<\/p>\n<p><span style=\"background-color: var(--global--color-background); color: var(--global--color-primary); font-family: var(--global--font-secondary); font-size: var(--global--font-size-base);\">Cosm\u00e9tica de alta calidad para tu belleza<\/span><\/p>\n<div id=\"short_description_block\">\n<div id=\"short_description_content\" class=\"rte align_justify\">\n<p><strong>ENRIQUECIDA CON:<\/strong><\/p>\n<p><strong>Amino-Glyco\u00a0<\/strong><b>Caviar<\/b>: Principio activo natural y marino que aportar\u00e1 a tu dermis regeneraci\u00f3n, reparaci\u00f3n, hidrataci\u00f3n y nutrici\u00f3n.<\/p>\n<p><strong>\u00c1cido hialur\u00f3nico<\/strong>: Nuestro cuerpo disminuye su producci\u00f3n entre los 25 y los 30 a\u00f1os por eso es necesario aumentar su consumo. Aporta grandes dosis de hidrataci\u00f3n a la piel, adem\u00e1s de darle un aspecto m\u00e1s terso y ayudar a rellenar arrugas y l\u00edneas de expresi\u00f3n.<\/p>\n<p><strong>Vitamina A<\/strong>: Mejora la elasticidad de la piel, regenera la piel envejecida prematuramente y mejora la producci\u00f3n de col\u00e1geno, por lo tanto contribuye a tener una piel firme suave y uniforme.<\/p>\n<p><strong>Vitamina D<\/strong>: Regula el sistema inmune cut\u00e1neo y la proliferaci\u00f3n cut\u00e1nea.<\/p>\n<p><strong>Vitamina E<\/strong>: Antioxidante ,bloquea los radicales libres frenando el proceso de envejecimiento y la generaci\u00f3n de arrugas.<\/p>\n<p><strong>Col\u00e1geno<\/strong>: Nuestro cuerpo disminuye su producci\u00f3n entre los 25 y los 30 a\u00f1os por eso es necesario aumentar su consumo. Reafirma, tensa, regenera y mantiene la piel el\u00e1stica.<\/p>\n<p><strong>Amino\u00e1cidos<\/strong>: Esenciales para la reconstrucci\u00f3n del factor de hidrataci\u00f3n. Con este principio activo ayudamos a incrementar la hidrataci\u00f3n de la dermis.<\/p>\n<p><strong>Omega 3<\/strong>: Son \u00e1cidos grasos esenciales que proporcionan elasticidad, nutrici\u00f3n y luminosidad. Adem\u00e1s detienen el envejecimiento prematuro.<\/p>\n<p><strong>Aceite de Jojoba<\/strong>: Combate los signos de envejecimiento, calma la piel irritada y aumenta la producci\u00f3n natural de col\u00e1geno, adem\u00e1s hidrata y aporta luminosidad a la dermis.<\/p>\n<p><strong>Rosa Mosqueta<\/strong>: Gran poder regenerante, antioxidante, anti radicales libres. Unifica el tono de la dermis y aporta hidrataci\u00f3n.<\/p>\n<p><strong>Aloe Vera<\/strong>: Aporta propiedades emolientes las cuales suavizan una zona seca o da\u00f1ada por los agentes externos y regeneran la dermis.<\/p>\n<p><strong>MODO DE EMPLEO:<\/strong><\/p>\n<p>Puedes aplicarla tanto de noche como de d\u00eda, siendo<strong>\u00a0imprescindible aplicarla por la noche<\/strong>\u00a0<strong>ya que es cuando el cuerpo se regenera.<\/strong><\/p>\n<p>Aplica la cantidad deseada tras limpiar bien la dermis. Recomendamos realizar un masaje incidiendo en aquellas zonas en las que sientas que hay m\u00e1s surcos.<\/p>\n<p>Recuerda aplicar tu contorno de ojos habitual, en este caso recomendamos el contorno de la misma l\u00ednea Superlative.<\/p>\n<p>https:\/\/www.exialoe.es\/es\/cosmetica\/158-crema-hn-caviar-superlative.html<\/p>\n<\/div>\n<\/div>\n","protected":false},"excerpt":{"rendered":"<p>Tratamiento Rellenador de Arrugas. Avanzada crema anti edad<b>\u00a0formulada con: Amino-Glyco Caviar, \u00c1cido Hialur\u00f3nico, Col\u00e1geno, Gluc\u00f3geno, Coenzima Q10, Rosa Mosqueta, Aceite de Jojoba, 40% de jugo de Aloe Vera, Vitaminas A, D y E.<\/b><\/p>\n<p>Nutre en profundidad, rellena arrugas profundas, reafirma y tensa consiguiendo una piel radiante. Te sorprender\u00e1 el resultado<\/p>\n","protected":false},"featured_media":314,"comment_status":"open","ping_status":"closed","template":"","meta":[],"product_brand":[],"product_cat":[172,105],"product_tag":[192,191,183,188,189,184,194,185,190,187,193],"class_list":{"0":"post-313","1":"product","2":"type-product","3":"status-publish","4":"has-post-thumbnail","6":"product_cat-cremas-y-aceites","7":"product_cat-exialoe-productos","8":"product_tag-40-de-jugo-de-aloe-vera","9":"product_tag-aceite-de-jojoba","10":"product_tag-acido-hialuronico","11":"product_tag-avanzada-crema-anti-edad-formulada-con-amino-glyco-caviar","12":"product_tag-coenzima-q10","13":"product_tag-colageno","14":"product_tag-d-y-e","15":"product_tag-glucogeno","16":"product_tag-rosa-mosqueta","17":"product_tag-tratamiento-rellenador-de-arrugas","18":"product_tag-vitaminas-a","19":"entry","21":"first","22":"instock","23":"sale","24":"taxable","25":"shipping-taxable","26":"purchasable","27":"product-type-simple"},"yoast_head":"<!-- This site is optimized with the Yoast SEO plugin v27.4 - https:\/\/yoast.com\/product\/yoast-seo-wordpress\/ -->\n<title>CREMA H&amp;N CAVIAR SUPERLATIVE - Centro de Belleza y Salud Margarita Ortu\u00f1o L\u00e1zaro. ESCUELA DE QUIROMASAJE Y TERAPIAS COMPLEMENTARIAS.TIENDA ONLINE<\/title>\n<meta name=\"description\" content=\"Avanzada crema anti edad formulada con: Nutre en profundidad, rellena arrugas profundas, reafirma y tensa consiguiendo una piel radiante.\" \/>\n<meta name=\"robots\" content=\"index, follow, max-snippet:-1, max-image-preview:large, max-video-preview:-1\" \/>\n<link rel=\"canonical\" href=\"https:\/\/margaritayeusebio.com\/tienda\/producto\/crema-hn-caviar-superlative\/\" \/>\n<meta property=\"og:locale\" content=\"es_ES\" \/>\n<meta property=\"og:type\" content=\"article\" \/>\n<meta property=\"og:title\" content=\"CREMA H&amp;N CAVIAR SUPERLATIVE - Centro de Belleza y Salud Margarita Ortu\u00f1o L\u00e1zaro. ESCUELA DE QUIROMASAJE Y TERAPIAS COMPLEMENTARIAS.TIENDA ONLINE\" \/>\n<meta property=\"og:description\" content=\"Avanzada crema anti edad formulada con: Nutre en profundidad, rellena arrugas profundas, reafirma y tensa consiguiendo una piel radiante.\" \/>\n<meta property=\"og:url\" content=\"https:\/\/margaritayeusebio.com\/tienda\/producto\/crema-hn-caviar-superlative\/\" \/>\n<meta property=\"og:site_name\" content=\"Centro de Belleza y Salud Margarita Ortu\u00f1o L\u00e1zaro. ESCUELA DE QUIROMASAJE Y TERAPIAS COMPLEMENTARIAS.TIENDA ONLINE\" \/>\n<meta property=\"article:modified_time\" content=\"2024-02-10T09:57:30+00:00\" \/>\n<meta property=\"og:image\" content=\"https:\/\/margaritayeusebio.com\/tienda\/wp-content\/uploads\/2024\/02\/crema-hn-caviar-superlative-1.webp\" \/>\n\t<meta property=\"og:image:width\" content=\"1200\" \/>\n\t<meta property=\"og:image:height\" content=\"1200\" \/>\n\t<meta property=\"og:image:type\" content=\"image\/webp\" \/>\n<meta name=\"twitter:card\" content=\"summary_large_image\" \/>\n<meta name=\"twitter:label1\" content=\"Tiempo de lectura\" \/>\n\t<meta name=\"twitter:data1\" content=\"2 minutos\" \/>\n<script type=\"application\/ld+json\" class=\"yoast-schema-graph\">{\"@context\":\"https:\\\/\\\/schema.org\",\"@graph\":[{\"@type\":\"WebPage\",\"@id\":\"https:\\\/\\\/margaritayeusebio.com\\\/tienda\\\/producto\\\/crema-hn-caviar-superlative\\\/\",\"url\":\"https:\\\/\\\/margaritayeusebio.com\\\/tienda\\\/producto\\\/crema-hn-caviar-superlative\\\/\",\"name\":\"CREMA H&N CAVIAR SUPERLATIVE - Centro de Belleza y Salud Margarita Ortu\u00f1o L\u00e1zaro. ESCUELA DE QUIROMASAJE Y TERAPIAS COMPLEMENTARIAS.TIENDA ONLINE\",\"isPartOf\":{\"@id\":\"https:\\\/\\\/margaritayeusebio.com\\\/tienda\\\/#website\"},\"primaryImageOfPage\":{\"@id\":\"https:\\\/\\\/margaritayeusebio.com\\\/tienda\\\/producto\\\/crema-hn-caviar-superlative\\\/#primaryimage\"},\"image\":{\"@id\":\"https:\\\/\\\/margaritayeusebio.com\\\/tienda\\\/producto\\\/crema-hn-caviar-superlative\\\/#primaryimage\"},\"thumbnailUrl\":\"https:\\\/\\\/margaritayeusebio.com\\\/tienda\\\/wp-content\\\/uploads\\\/2024\\\/02\\\/crema-hn-caviar-superlative-1.webp\",\"datePublished\":\"2024-02-10T09:57:29+00:00\",\"dateModified\":\"2024-02-10T09:57:30+00:00\",\"description\":\"Avanzada crema anti edad formulada con: Nutre en profundidad, rellena arrugas profundas, reafirma y tensa consiguiendo una piel radiante.\",\"breadcrumb\":{\"@id\":\"https:\\\/\\\/margaritayeusebio.com\\\/tienda\\\/producto\\\/crema-hn-caviar-superlative\\\/#breadcrumb\"},\"inLanguage\":\"es\",\"potentialAction\":[{\"@type\":\"ReadAction\",\"target\":[\"https:\\\/\\\/margaritayeusebio.com\\\/tienda\\\/producto\\\/crema-hn-caviar-superlative\\\/\"]}]},{\"@type\":\"ImageObject\",\"inLanguage\":\"es\",\"@id\":\"https:\\\/\\\/margaritayeusebio.com\\\/tienda\\\/producto\\\/crema-hn-caviar-superlative\\\/#primaryimage\",\"url\":\"https:\\\/\\\/margaritayeusebio.com\\\/tienda\\\/wp-content\\\/uploads\\\/2024\\\/02\\\/crema-hn-caviar-superlative-1.webp\",\"contentUrl\":\"https:\\\/\\\/margaritayeusebio.com\\\/tienda\\\/wp-content\\\/uploads\\\/2024\\\/02\\\/crema-hn-caviar-superlative-1.webp\",\"width\":1200,\"height\":1200},{\"@type\":\"BreadcrumbList\",\"@id\":\"https:\\\/\\\/margaritayeusebio.com\\\/tienda\\\/producto\\\/crema-hn-caviar-superlative\\\/#breadcrumb\",\"itemListElement\":[{\"@type\":\"ListItem\",\"position\":1,\"name\":\"Portada\",\"item\":\"https:\\\/\\\/margaritayeusebio.com\\\/tienda\\\/pagina-de-inicio-2\\\/\"},{\"@type\":\"ListItem\",\"position\":2,\"name\":\"Tienda\",\"item\":\"https:\\\/\\\/margaritayeusebio.com\\\/tienda\\\/\"},{\"@type\":\"ListItem\",\"position\":3,\"name\":\"CREMA H&#038;N CAVIAR SUPERLATIVE\"}]},{\"@type\":\"WebSite\",\"@id\":\"https:\\\/\\\/margaritayeusebio.com\\\/tienda\\\/#website\",\"url\":\"https:\\\/\\\/margaritayeusebio.com\\\/tienda\\\/\",\"name\":\"Centro de Belleza y Salud Margarita Ortu\u00f1o L\u00e1zaro. ESCUELA DE QUIROMASAJE Y TERAPIAS COMPLEMENTARIAS.TIENDA ONLINE\",\"description\":\"Quiromasaje-Osteopatia, Acupuntura, Herbolario, Fitoterapia, Oligoelementos, Productos Belleza,\",\"publisher\":{\"@id\":\"https:\\\/\\\/margaritayeusebio.com\\\/tienda\\\/#organization\"},\"potentialAction\":[{\"@type\":\"SearchAction\",\"target\":{\"@type\":\"EntryPoint\",\"urlTemplate\":\"https:\\\/\\\/margaritayeusebio.com\\\/tienda\\\/?s={search_term_string}\"},\"query-input\":{\"@type\":\"PropertyValueSpecification\",\"valueRequired\":true,\"valueName\":\"search_term_string\"}}],\"inLanguage\":\"es\"},{\"@type\":\"Organization\",\"@id\":\"https:\\\/\\\/margaritayeusebio.com\\\/tienda\\\/#organization\",\"name\":\"Centro de Belleza y Salud Margarita Ortu\u00f1o L\u00e1zaro. ESCUELA DE QUIROMASAJE Y TERAPIAS COMPLEMENTARIAS.TIENDA ONLINE\",\"url\":\"https:\\\/\\\/margaritayeusebio.com\\\/tienda\\\/\",\"logo\":{\"@type\":\"ImageObject\",\"inLanguage\":\"es\",\"@id\":\"https:\\\/\\\/margaritayeusebio.com\\\/tienda\\\/#\\\/schema\\\/logo\\\/image\\\/\",\"url\":\"https:\\\/\\\/margaritayeusebio.com\\\/tienda\\\/wp-content\\\/uploads\\\/2021\\\/12\\\/anagrama-conjunto-escuela-y-centro.jpg\",\"contentUrl\":\"https:\\\/\\\/margaritayeusebio.com\\\/tienda\\\/wp-content\\\/uploads\\\/2021\\\/12\\\/anagrama-conjunto-escuela-y-centro.jpg\",\"width\":363,\"height\":302,\"caption\":\"Centro de Belleza y Salud Margarita Ortu\u00f1o L\u00e1zaro. ESCUELA DE QUIROMASAJE Y TERAPIAS COMPLEMENTARIAS.TIENDA ONLINE\"},\"image\":{\"@id\":\"https:\\\/\\\/margaritayeusebio.com\\\/tienda\\\/#\\\/schema\\\/logo\\\/image\\\/\"}}]}<\/script>\n<!-- \/ Yoast SEO plugin. -->","yoast_head_json":{"title":"CREMA H&N CAVIAR SUPERLATIVE - Centro de Belleza y Salud Margarita Ortu\u00f1o L\u00e1zaro. ESCUELA DE QUIROMASAJE Y TERAPIAS COMPLEMENTARIAS.TIENDA ONLINE","description":"Avanzada crema anti edad formulada con: Nutre en profundidad, rellena arrugas profundas, reafirma y tensa consiguiendo una piel radiante.","robots":{"index":"index","follow":"follow","max-snippet":"max-snippet:-1","max-image-preview":"max-image-preview:large","max-video-preview":"max-video-preview:-1"},"canonical":"https:\/\/margaritayeusebio.com\/tienda\/producto\/crema-hn-caviar-superlative\/","og_locale":"es_ES","og_type":"article","og_title":"CREMA H&N CAVIAR SUPERLATIVE - Centro de Belleza y Salud Margarita Ortu\u00f1o L\u00e1zaro. ESCUELA DE QUIROMASAJE Y TERAPIAS COMPLEMENTARIAS.TIENDA ONLINE","og_description":"Avanzada crema anti edad formulada con: Nutre en profundidad, rellena arrugas profundas, reafirma y tensa consiguiendo una piel radiante.","og_url":"https:\/\/margaritayeusebio.com\/tienda\/producto\/crema-hn-caviar-superlative\/","og_site_name":"Centro de Belleza y Salud Margarita Ortu\u00f1o L\u00e1zaro. ESCUELA DE QUIROMASAJE Y TERAPIAS COMPLEMENTARIAS.TIENDA ONLINE","article_modified_time":"2024-02-10T09:57:30+00:00","og_image":[{"width":1200,"height":1200,"url":"https:\/\/margaritayeusebio.com\/tienda\/wp-content\/uploads\/2024\/02\/crema-hn-caviar-superlative-1.webp","type":"image\/webp"}],"twitter_card":"summary_large_image","twitter_misc":{"Tiempo de lectura":"2 minutos"},"schema":{"@context":"https:\/\/schema.org","@graph":[{"@type":"WebPage","@id":"https:\/\/margaritayeusebio.com\/tienda\/producto\/crema-hn-caviar-superlative\/","url":"https:\/\/margaritayeusebio.com\/tienda\/producto\/crema-hn-caviar-superlative\/","name":"CREMA H&N CAVIAR SUPERLATIVE - Centro de Belleza y Salud Margarita Ortu\u00f1o L\u00e1zaro. ESCUELA DE QUIROMASAJE Y TERAPIAS COMPLEMENTARIAS.TIENDA ONLINE","isPartOf":{"@id":"https:\/\/margaritayeusebio.com\/tienda\/#website"},"primaryImageOfPage":{"@id":"https:\/\/margaritayeusebio.com\/tienda\/producto\/crema-hn-caviar-superlative\/#primaryimage"},"image":{"@id":"https:\/\/margaritayeusebio.com\/tienda\/producto\/crema-hn-caviar-superlative\/#primaryimage"},"thumbnailUrl":"https:\/\/margaritayeusebio.com\/tienda\/wp-content\/uploads\/2024\/02\/crema-hn-caviar-superlative-1.webp","datePublished":"2024-02-10T09:57:29+00:00","dateModified":"2024-02-10T09:57:30+00:00","description":"Avanzada crema anti edad formulada con: Nutre en profundidad, rellena arrugas profundas, reafirma y tensa consiguiendo una piel radiante.","breadcrumb":{"@id":"https:\/\/margaritayeusebio.com\/tienda\/producto\/crema-hn-caviar-superlative\/#breadcrumb"},"inLanguage":"es","potentialAction":[{"@type":"ReadAction","target":["https:\/\/margaritayeusebio.com\/tienda\/producto\/crema-hn-caviar-superlative\/"]}]},{"@type":"ImageObject","inLanguage":"es","@id":"https:\/\/margaritayeusebio.com\/tienda\/producto\/crema-hn-caviar-superlative\/#primaryimage","url":"https:\/\/margaritayeusebio.com\/tienda\/wp-content\/uploads\/2024\/02\/crema-hn-caviar-superlative-1.webp","contentUrl":"https:\/\/margaritayeusebio.com\/tienda\/wp-content\/uploads\/2024\/02\/crema-hn-caviar-superlative-1.webp","width":1200,"height":1200},{"@type":"BreadcrumbList","@id":"https:\/\/margaritayeusebio.com\/tienda\/producto\/crema-hn-caviar-superlative\/#breadcrumb","itemListElement":[{"@type":"ListItem","position":1,"name":"Portada","item":"https:\/\/margaritayeusebio.com\/tienda\/pagina-de-inicio-2\/"},{"@type":"ListItem","position":2,"name":"Tienda","item":"https:\/\/margaritayeusebio.com\/tienda\/"},{"@type":"ListItem","position":3,"name":"CREMA H&#038;N CAVIAR SUPERLATIVE"}]},{"@type":"WebSite","@id":"https:\/\/margaritayeusebio.com\/tienda\/#website","url":"https:\/\/margaritayeusebio.com\/tienda\/","name":"Centro de Belleza y Salud Margarita Ortu\u00f1o L\u00e1zaro. ESCUELA DE QUIROMASAJE Y TERAPIAS COMPLEMENTARIAS.TIENDA ONLINE","description":"Quiromasaje-Osteopatia, Acupuntura, Herbolario, Fitoterapia, Oligoelementos, Productos Belleza,","publisher":{"@id":"https:\/\/margaritayeusebio.com\/tienda\/#organization"},"potentialAction":[{"@type":"SearchAction","target":{"@type":"EntryPoint","urlTemplate":"https:\/\/margaritayeusebio.com\/tienda\/?s={search_term_string}"},"query-input":{"@type":"PropertyValueSpecification","valueRequired":true,"valueName":"search_term_string"}}],"inLanguage":"es"},{"@type":"Organization","@id":"https:\/\/margaritayeusebio.com\/tienda\/#organization","name":"Centro de Belleza y Salud Margarita Ortu\u00f1o L\u00e1zaro. ESCUELA DE QUIROMASAJE Y TERAPIAS COMPLEMENTARIAS.TIENDA ONLINE","url":"https:\/\/margaritayeusebio.com\/tienda\/","logo":{"@type":"ImageObject","inLanguage":"es","@id":"https:\/\/margaritayeusebio.com\/tienda\/#\/schema\/logo\/image\/","url":"https:\/\/margaritayeusebio.com\/tienda\/wp-content\/uploads\/2021\/12\/anagrama-conjunto-escuela-y-centro.jpg","contentUrl":"https:\/\/margaritayeusebio.com\/tienda\/wp-content\/uploads\/2021\/12\/anagrama-conjunto-escuela-y-centro.jpg","width":363,"height":302,"caption":"Centro de Belleza y Salud Margarita Ortu\u00f1o L\u00e1zaro. ESCUELA DE QUIROMASAJE Y TERAPIAS COMPLEMENTARIAS.TIENDA ONLINE"},"image":{"@id":"https:\/\/margaritayeusebio.com\/tienda\/#\/schema\/logo\/image\/"}}]}},"jetpack_sharing_enabled":true,"_links":{"self":[{"href":"https:\/\/margaritayeusebio.com\/tienda\/wp-json\/wp\/v2\/product\/313","targetHints":{"allow":["GET"]}}],"collection":[{"href":"https:\/\/margaritayeusebio.com\/tienda\/wp-json\/wp\/v2\/product"}],"about":[{"href":"https:\/\/margaritayeusebio.com\/tienda\/wp-json\/wp\/v2\/types\/product"}],"replies":[{"embeddable":true,"href":"https:\/\/margaritayeusebio.com\/tienda\/wp-json\/wp\/v2\/comments?post=313"}],"wp:featuredmedia":[{"embeddable":true,"href":"https:\/\/margaritayeusebio.com\/tienda\/wp-json\/wp\/v2\/media\/314"}],"wp:attachment":[{"href":"https:\/\/margaritayeusebio.com\/tienda\/wp-json\/wp\/v2\/media?parent=313"}],"wp:term":[{"taxonomy":"product_brand","embeddable":true,"href":"https:\/\/margaritayeusebio.com\/tienda\/wp-json\/wp\/v2\/product_brand?post=313"},{"taxonomy":"product_cat","embeddable":true,"href":"https:\/\/margaritayeusebio.com\/tienda\/wp-json\/wp\/v2\/product_cat?post=313"},{"taxonomy":"product_tag","embeddable":true,"href":"https:\/\/margaritayeusebio.com\/tienda\/wp-json\/wp\/v2\/product_tag?post=313"}],"curies":[{"name":"wp","href":"https:\/\/api.w.org\/{rel}","templated":true}]}}