{"id":230,"date":"2022-11-09T17:15:55","date_gmt":"2022-11-09T16:15:55","guid":{"rendered":"https:\/\/margaritayeusebio.com\/tienda\/?post_type=product&#038;p=230"},"modified":"2022-11-09T17:15:55","modified_gmt":"2022-11-09T16:15:55","slug":"ergysport-esfuerzo","status":"publish","type":"product","link":"https:\/\/margaritayeusebio.com\/tienda\/producto\/ergysport-esfuerzo\/","title":{"rendered":"ERGYSPORT ESFUERZO"},"content":{"rendered":"<p>BEBIDA PARA EL ESFUERZO<br \/>\nERGYSPORT ESFUERZO es una bebida diet\u00e9tica dise\u00f1ada para el esfuerzo f\u00edsico que aporta gl\u00facidos asociados a micronutrientes<br \/>\ncient\u00edficamente dosificados para optimizar la hidrataci\u00f3n, el bienestar digestivo y satisfacer las necesidades nutricionales<br \/>\nrelacionadas con la actividad muscular<\/p>\n<p>ERGYSPORT ESFUERZO es una bebida formulada para cubrir las necesidades espec\u00edficas del deportista, sea cual sea<br \/>\nla duraci\u00f3n o el tipo de esfuerzo muscular:<br \/>\n\u2022 Optimizar la hidrataci\u00f3n (bebida isot\u00f3nica),<br \/>\n\u2022 Contra-balancear la producci\u00f3n de \u00e1cidos con un aporte de sales desacidificantes (citratos, carbonatos),<br \/>\n\u2022 Luchar contra el agotamiento de las reservas energ\u00e9ticas durante el esfuerzo,<br \/>\n\u2022 Favorecer el bienestar digestivo gracias a la presencia innovadora del alginato de sodio,<br \/>\n\u2022 Luchar contra el desgaste muscular, la fatiga relacionada con el esfuerzo gracias a los hidrolizados<br \/>\nde prote\u00ednas ricos en amino\u00e1cidos ramificados o BCAA,<br \/>\n\u2022 Compensar las p\u00e9rdidas (sudor) en minerales y oligoelementos,<br \/>\n\u2022 Luchar contra el stress oxidativo (zinc, cobre, manganeso, selenio y vit. C y E)<\/p>\n","protected":false},"excerpt":{"rendered":"<p>BEBIDA PARA EL ESFUERZO<br \/>\nERGYSPORT ESFUERZO es una bebida diet\u00e9tica dise\u00f1ada para el esfuerzo f\u00edsico que aporta gl\u00facidos asociados a micronutrientes<br \/>\ncient\u00edficamente dosificados para optimizar la hidrataci\u00f3n, el bienestar digestivo y satisfacer las necesidades nutricionales<br \/>\nrelacionadas con la actividad muscular<\/p>\n","protected":false},"featured_media":231,"comment_status":"open","ping_status":"closed","template":"","meta":[],"product_brand":[],"product_cat":[16,72],"product_tag":[143,146,147,145,144,148],"class_list":{"0":"post-230","1":"product","2":"type-product","3":"status-publish","4":"has-post-thumbnail","6":"product_cat-fitoterapia-o-preparados-de-plantas-que-buscan-solucionar-los-problemas-de-salud","7":"product_cat-nutricion-celular-activa","8":"product_tag-competicion","9":"product_tag-deportistas","10":"product_tag-energia","11":"product_tag-esfuerzo-deportivo","12":"product_tag-hidratacion","13":"product_tag-proteccion-muscular","14":"entry","16":"first","17":"instock","18":"sale","19":"taxable","20":"shipping-taxable","21":"purchasable","22":"product-type-simple"},"yoast_head":"<!-- This site is optimized with the Yoast SEO plugin v27.4 - https:\/\/yoast.com\/product\/yoast-seo-wordpress\/ -->\n<title>ERGYSPORT ESFUERZO - Centro de Belleza y Salud Margarita Ortu\u00f1o L\u00e1zaro. ESCUELA DE QUIROMASAJE Y TERAPIAS COMPLEMENTARIAS.TIENDA ONLINE<\/title>\n<meta name=\"description\" content=\"BEBIDA PARA EL ESFUERZO ERGYSPORT ESFUERZO es una bebida diet\u00e9tica dise\u00f1ada para el esfuerzo f\u00edsico que aporta gl\u00facidos asociados a micronutrientes cient\u00edficamente dosificados para optimizar la hidrataci\u00f3n, el bienestar digestivo y satisfacer las necesidades nutricionales relacionadas con la actividad muscular\" \/>\n<meta name=\"robots\" content=\"index, follow, max-snippet:-1, max-image-preview:large, max-video-preview:-1\" \/>\n<link rel=\"canonical\" href=\"https:\/\/margaritayeusebio.com\/tienda\/?post_type=product&p=230\" \/>\n<meta property=\"og:locale\" content=\"es_ES\" \/>\n<meta property=\"og:type\" content=\"article\" \/>\n<meta property=\"og:title\" content=\"ERGYSPORT ESFUERZO - Centro de Belleza y Salud Margarita Ortu\u00f1o L\u00e1zaro. ESCUELA DE QUIROMASAJE Y TERAPIAS COMPLEMENTARIAS.TIENDA ONLINE\" \/>\n<meta property=\"og:description\" content=\"BEBIDA PARA EL ESFUERZO ERGYSPORT ESFUERZO es una bebida diet\u00e9tica dise\u00f1ada para el esfuerzo f\u00edsico que aporta gl\u00facidos asociados a micronutrientes cient\u00edficamente dosificados para optimizar la hidrataci\u00f3n, el bienestar digestivo y satisfacer las necesidades nutricionales relacionadas con la actividad muscular\" \/>\n<meta property=\"og:url\" content=\"https:\/\/margaritayeusebio.com\/tienda\/?post_type=product&amp;p=230\" \/>\n<meta property=\"og:site_name\" content=\"Centro de Belleza y Salud Margarita Ortu\u00f1o L\u00e1zaro. ESCUELA DE QUIROMASAJE Y TERAPIAS COMPLEMENTARIAS.TIENDA ONLINE\" \/>\n<meta property=\"og:image\" content=\"https:\/\/margaritayeusebio.com\/tienda\/wp-content\/uploads\/2022\/11\/33502.jpg\" \/>\n\t<meta property=\"og:image:width\" content=\"413\" \/>\n\t<meta property=\"og:image:height\" content=\"595\" \/>\n\t<meta property=\"og:image:type\" content=\"image\/jpeg\" \/>\n<meta name=\"twitter:card\" content=\"summary_large_image\" \/>\n<meta name=\"twitter:label1\" content=\"Tiempo de lectura\" \/>\n\t<meta name=\"twitter:data1\" content=\"1 minuto\" \/>\n<script type=\"application\/ld+json\" class=\"yoast-schema-graph\">{\"@context\":\"https:\\\/\\\/schema.org\",\"@graph\":[{\"@type\":\"WebPage\",\"@id\":\"https:\\\/\\\/margaritayeusebio.com\\\/tienda\\\/?post_type=product&p=230\",\"url\":\"https:\\\/\\\/margaritayeusebio.com\\\/tienda\\\/?post_type=product&p=230\",\"name\":\"ERGYSPORT ESFUERZO - Centro de Belleza y Salud Margarita Ortu\u00f1o L\u00e1zaro. ESCUELA DE QUIROMASAJE Y TERAPIAS COMPLEMENTARIAS.TIENDA ONLINE\",\"isPartOf\":{\"@id\":\"https:\\\/\\\/margaritayeusebio.com\\\/tienda\\\/#website\"},\"primaryImageOfPage\":{\"@id\":\"https:\\\/\\\/margaritayeusebio.com\\\/tienda\\\/?post_type=product&p=230#primaryimage\"},\"image\":{\"@id\":\"https:\\\/\\\/margaritayeusebio.com\\\/tienda\\\/?post_type=product&p=230#primaryimage\"},\"thumbnailUrl\":\"https:\\\/\\\/margaritayeusebio.com\\\/tienda\\\/wp-content\\\/uploads\\\/2022\\\/11\\\/33502.jpg\",\"datePublished\":\"2022-11-09T16:15:55+00:00\",\"description\":\"BEBIDA PARA EL ESFUERZO ERGYSPORT ESFUERZO es una bebida diet\u00e9tica dise\u00f1ada para el esfuerzo f\u00edsico que aporta gl\u00facidos asociados a micronutrientes cient\u00edficamente dosificados para optimizar la hidrataci\u00f3n, el bienestar digestivo y satisfacer las necesidades nutricionales relacionadas con la actividad muscular\",\"breadcrumb\":{\"@id\":\"https:\\\/\\\/margaritayeusebio.com\\\/tienda\\\/?post_type=product&p=230#breadcrumb\"},\"inLanguage\":\"es\",\"potentialAction\":[{\"@type\":\"ReadAction\",\"target\":[\"https:\\\/\\\/margaritayeusebio.com\\\/tienda\\\/?post_type=product&p=230\"]}]},{\"@type\":\"ImageObject\",\"inLanguage\":\"es\",\"@id\":\"https:\\\/\\\/margaritayeusebio.com\\\/tienda\\\/?post_type=product&p=230#primaryimage\",\"url\":\"https:\\\/\\\/margaritayeusebio.com\\\/tienda\\\/wp-content\\\/uploads\\\/2022\\\/11\\\/33502.jpg\",\"contentUrl\":\"https:\\\/\\\/margaritayeusebio.com\\\/tienda\\\/wp-content\\\/uploads\\\/2022\\\/11\\\/33502.jpg\",\"width\":413,\"height\":595},{\"@type\":\"BreadcrumbList\",\"@id\":\"https:\\\/\\\/margaritayeusebio.com\\\/tienda\\\/?post_type=product&p=230#breadcrumb\",\"itemListElement\":[{\"@type\":\"ListItem\",\"position\":1,\"name\":\"Portada\",\"item\":\"https:\\\/\\\/margaritayeusebio.com\\\/tienda\\\/pagina-de-inicio-2\\\/\"},{\"@type\":\"ListItem\",\"position\":2,\"name\":\"Tienda\",\"item\":\"https:\\\/\\\/margaritayeusebio.com\\\/tienda\\\/\"},{\"@type\":\"ListItem\",\"position\":3,\"name\":\"ERGYSPORT ESFUERZO\"}]},{\"@type\":\"WebSite\",\"@id\":\"https:\\\/\\\/margaritayeusebio.com\\\/tienda\\\/#website\",\"url\":\"https:\\\/\\\/margaritayeusebio.com\\\/tienda\\\/\",\"name\":\"Centro de Belleza y Salud Margarita Ortu\u00f1o L\u00e1zaro. ESCUELA DE QUIROMASAJE Y TERAPIAS COMPLEMENTARIAS.TIENDA ONLINE\",\"description\":\"Quiromasaje-Osteopatia, Acupuntura, Herbolario, Fitoterapia, Oligoelementos, Productos Belleza,\",\"publisher\":{\"@id\":\"https:\\\/\\\/margaritayeusebio.com\\\/tienda\\\/#organization\"},\"potentialAction\":[{\"@type\":\"SearchAction\",\"target\":{\"@type\":\"EntryPoint\",\"urlTemplate\":\"https:\\\/\\\/margaritayeusebio.com\\\/tienda\\\/?s={search_term_string}\"},\"query-input\":{\"@type\":\"PropertyValueSpecification\",\"valueRequired\":true,\"valueName\":\"search_term_string\"}}],\"inLanguage\":\"es\"},{\"@type\":\"Organization\",\"@id\":\"https:\\\/\\\/margaritayeusebio.com\\\/tienda\\\/#organization\",\"name\":\"Centro de Belleza y Salud Margarita Ortu\u00f1o L\u00e1zaro. ESCUELA DE QUIROMASAJE Y TERAPIAS COMPLEMENTARIAS.TIENDA ONLINE\",\"url\":\"https:\\\/\\\/margaritayeusebio.com\\\/tienda\\\/\",\"logo\":{\"@type\":\"ImageObject\",\"inLanguage\":\"es\",\"@id\":\"https:\\\/\\\/margaritayeusebio.com\\\/tienda\\\/#\\\/schema\\\/logo\\\/image\\\/\",\"url\":\"https:\\\/\\\/margaritayeusebio.com\\\/tienda\\\/wp-content\\\/uploads\\\/2021\\\/12\\\/anagrama-conjunto-escuela-y-centro.jpg\",\"contentUrl\":\"https:\\\/\\\/margaritayeusebio.com\\\/tienda\\\/wp-content\\\/uploads\\\/2021\\\/12\\\/anagrama-conjunto-escuela-y-centro.jpg\",\"width\":363,\"height\":302,\"caption\":\"Centro de Belleza y Salud Margarita Ortu\u00f1o L\u00e1zaro. ESCUELA DE QUIROMASAJE Y TERAPIAS COMPLEMENTARIAS.TIENDA ONLINE\"},\"image\":{\"@id\":\"https:\\\/\\\/margaritayeusebio.com\\\/tienda\\\/#\\\/schema\\\/logo\\\/image\\\/\"}}]}<\/script>\n<!-- \/ Yoast SEO plugin. -->","yoast_head_json":{"title":"ERGYSPORT ESFUERZO - Centro de Belleza y Salud Margarita Ortu\u00f1o L\u00e1zaro. ESCUELA DE QUIROMASAJE Y TERAPIAS COMPLEMENTARIAS.TIENDA ONLINE","description":"BEBIDA PARA EL ESFUERZO ERGYSPORT ESFUERZO es una bebida diet\u00e9tica dise\u00f1ada para el esfuerzo f\u00edsico que aporta gl\u00facidos asociados a micronutrientes cient\u00edficamente dosificados para optimizar la hidrataci\u00f3n, el bienestar digestivo y satisfacer las necesidades nutricionales relacionadas con la actividad muscular","robots":{"index":"index","follow":"follow","max-snippet":"max-snippet:-1","max-image-preview":"max-image-preview:large","max-video-preview":"max-video-preview:-1"},"canonical":"https:\/\/margaritayeusebio.com\/tienda\/?post_type=product&p=230","og_locale":"es_ES","og_type":"article","og_title":"ERGYSPORT ESFUERZO - Centro de Belleza y Salud Margarita Ortu\u00f1o L\u00e1zaro. ESCUELA DE QUIROMASAJE Y TERAPIAS COMPLEMENTARIAS.TIENDA ONLINE","og_description":"BEBIDA PARA EL ESFUERZO ERGYSPORT ESFUERZO es una bebida diet\u00e9tica dise\u00f1ada para el esfuerzo f\u00edsico que aporta gl\u00facidos asociados a micronutrientes cient\u00edficamente dosificados para optimizar la hidrataci\u00f3n, el bienestar digestivo y satisfacer las necesidades nutricionales relacionadas con la actividad muscular","og_url":"https:\/\/margaritayeusebio.com\/tienda\/?post_type=product&p=230","og_site_name":"Centro de Belleza y Salud Margarita Ortu\u00f1o L\u00e1zaro. ESCUELA DE QUIROMASAJE Y TERAPIAS COMPLEMENTARIAS.TIENDA ONLINE","og_image":[{"width":413,"height":595,"url":"https:\/\/margaritayeusebio.com\/tienda\/wp-content\/uploads\/2022\/11\/33502.jpg","type":"image\/jpeg"}],"twitter_card":"summary_large_image","twitter_misc":{"Tiempo de lectura":"1 minuto"},"schema":{"@context":"https:\/\/schema.org","@graph":[{"@type":"WebPage","@id":"https:\/\/margaritayeusebio.com\/tienda\/?post_type=product&p=230","url":"https:\/\/margaritayeusebio.com\/tienda\/?post_type=product&p=230","name":"ERGYSPORT ESFUERZO - Centro de Belleza y Salud Margarita Ortu\u00f1o L\u00e1zaro. ESCUELA DE QUIROMASAJE Y TERAPIAS COMPLEMENTARIAS.TIENDA ONLINE","isPartOf":{"@id":"https:\/\/margaritayeusebio.com\/tienda\/#website"},"primaryImageOfPage":{"@id":"https:\/\/margaritayeusebio.com\/tienda\/?post_type=product&p=230#primaryimage"},"image":{"@id":"https:\/\/margaritayeusebio.com\/tienda\/?post_type=product&p=230#primaryimage"},"thumbnailUrl":"https:\/\/margaritayeusebio.com\/tienda\/wp-content\/uploads\/2022\/11\/33502.jpg","datePublished":"2022-11-09T16:15:55+00:00","description":"BEBIDA PARA EL ESFUERZO ERGYSPORT ESFUERZO es una bebida diet\u00e9tica dise\u00f1ada para el esfuerzo f\u00edsico que aporta gl\u00facidos asociados a micronutrientes cient\u00edficamente dosificados para optimizar la hidrataci\u00f3n, el bienestar digestivo y satisfacer las necesidades nutricionales relacionadas con la actividad muscular","breadcrumb":{"@id":"https:\/\/margaritayeusebio.com\/tienda\/?post_type=product&p=230#breadcrumb"},"inLanguage":"es","potentialAction":[{"@type":"ReadAction","target":["https:\/\/margaritayeusebio.com\/tienda\/?post_type=product&p=230"]}]},{"@type":"ImageObject","inLanguage":"es","@id":"https:\/\/margaritayeusebio.com\/tienda\/?post_type=product&p=230#primaryimage","url":"https:\/\/margaritayeusebio.com\/tienda\/wp-content\/uploads\/2022\/11\/33502.jpg","contentUrl":"https:\/\/margaritayeusebio.com\/tienda\/wp-content\/uploads\/2022\/11\/33502.jpg","width":413,"height":595},{"@type":"BreadcrumbList","@id":"https:\/\/margaritayeusebio.com\/tienda\/?post_type=product&p=230#breadcrumb","itemListElement":[{"@type":"ListItem","position":1,"name":"Portada","item":"https:\/\/margaritayeusebio.com\/tienda\/pagina-de-inicio-2\/"},{"@type":"ListItem","position":2,"name":"Tienda","item":"https:\/\/margaritayeusebio.com\/tienda\/"},{"@type":"ListItem","position":3,"name":"ERGYSPORT ESFUERZO"}]},{"@type":"WebSite","@id":"https:\/\/margaritayeusebio.com\/tienda\/#website","url":"https:\/\/margaritayeusebio.com\/tienda\/","name":"Centro de Belleza y Salud Margarita Ortu\u00f1o L\u00e1zaro. ESCUELA DE QUIROMASAJE Y TERAPIAS COMPLEMENTARIAS.TIENDA ONLINE","description":"Quiromasaje-Osteopatia, Acupuntura, Herbolario, Fitoterapia, Oligoelementos, Productos Belleza,","publisher":{"@id":"https:\/\/margaritayeusebio.com\/tienda\/#organization"},"potentialAction":[{"@type":"SearchAction","target":{"@type":"EntryPoint","urlTemplate":"https:\/\/margaritayeusebio.com\/tienda\/?s={search_term_string}"},"query-input":{"@type":"PropertyValueSpecification","valueRequired":true,"valueName":"search_term_string"}}],"inLanguage":"es"},{"@type":"Organization","@id":"https:\/\/margaritayeusebio.com\/tienda\/#organization","name":"Centro de Belleza y Salud Margarita Ortu\u00f1o L\u00e1zaro. ESCUELA DE QUIROMASAJE Y TERAPIAS COMPLEMENTARIAS.TIENDA ONLINE","url":"https:\/\/margaritayeusebio.com\/tienda\/","logo":{"@type":"ImageObject","inLanguage":"es","@id":"https:\/\/margaritayeusebio.com\/tienda\/#\/schema\/logo\/image\/","url":"https:\/\/margaritayeusebio.com\/tienda\/wp-content\/uploads\/2021\/12\/anagrama-conjunto-escuela-y-centro.jpg","contentUrl":"https:\/\/margaritayeusebio.com\/tienda\/wp-content\/uploads\/2021\/12\/anagrama-conjunto-escuela-y-centro.jpg","width":363,"height":302,"caption":"Centro de Belleza y Salud Margarita Ortu\u00f1o L\u00e1zaro. ESCUELA DE QUIROMASAJE Y TERAPIAS COMPLEMENTARIAS.TIENDA ONLINE"},"image":{"@id":"https:\/\/margaritayeusebio.com\/tienda\/#\/schema\/logo\/image\/"}}]}},"jetpack_sharing_enabled":true,"_links":{"self":[{"href":"https:\/\/margaritayeusebio.com\/tienda\/wp-json\/wp\/v2\/product\/230","targetHints":{"allow":["GET"]}}],"collection":[{"href":"https:\/\/margaritayeusebio.com\/tienda\/wp-json\/wp\/v2\/product"}],"about":[{"href":"https:\/\/margaritayeusebio.com\/tienda\/wp-json\/wp\/v2\/types\/product"}],"replies":[{"embeddable":true,"href":"https:\/\/margaritayeusebio.com\/tienda\/wp-json\/wp\/v2\/comments?post=230"}],"wp:featuredmedia":[{"embeddable":true,"href":"https:\/\/margaritayeusebio.com\/tienda\/wp-json\/wp\/v2\/media\/231"}],"wp:attachment":[{"href":"https:\/\/margaritayeusebio.com\/tienda\/wp-json\/wp\/v2\/media?parent=230"}],"wp:term":[{"taxonomy":"product_brand","embeddable":true,"href":"https:\/\/margaritayeusebio.com\/tienda\/wp-json\/wp\/v2\/product_brand?post=230"},{"taxonomy":"product_cat","embeddable":true,"href":"https:\/\/margaritayeusebio.com\/tienda\/wp-json\/wp\/v2\/product_cat?post=230"},{"taxonomy":"product_tag","embeddable":true,"href":"https:\/\/margaritayeusebio.com\/tienda\/wp-json\/wp\/v2\/product_tag?post=230"}],"curies":[{"name":"wp","href":"https:\/\/api.w.org\/{rel}","templated":true}]}}